5*v - 12 = -i*v. Is m a multiple of 25?
True
Let d(q) be the first derivative of 19*q**2/2 + 7*q - 4. Let k be d(4). Let x = 207 - k. Is 31 a factor of x?
True
Let x be ((-3)/9)/(1/(-9)). Suppose 4*i - x*i - 32 = 0. Suppose -34*h + 146 = -i*h. Is 38 a factor of h?
False
Let g = 36655 - 25315. Is g a multiple of 81?
True
Let q(y) = y**3 + 11*y**2 + y + 24. Let w be 662/6 + 11/(-33). Let k = w - 121. Is q(k) a multiple of 9?
False
Suppose 46*v - 41*v - 77386 = -2*z, 4*v + 16 = 0. Does 19 divide z?
True
Let k(w) = 174*w**3 + 2*w + 0*w**2 - 2 - 24*w**3 + w**2. Let m be k(1). Suppose 103*r - m = 102*r. Does 13 divide r?
False
Suppose -4*d + 38 = -5*d. Let o = d + 42. Suppose -c - 2*c = -2*p + 303, 306 = 2*p - o*c. Is 21 a factor of p?
True
Let n(k) = 2*k**3 + k**2 - 3*k - 2. Let f be n(2). Is 37 a factor of 2*f/(-8) + 141?
False
Let o be 6/(-24) - (-1)/(12/123). Suppose -1260 = -o*n + 3*n. Suppose -n = -8*q + 2*q. Does 6 divide q?
True
Suppose -30*y = -3*y + 2268. Let q = 423 + y. Does 28 divide q?
False
Let a = -14008 + 16498. Is 142 a factor of a?
False
Is 152 a factor of ((-56)/126 - (-9584)/18)*20?
True
Let k(i) = -i**3 - 23*i**2 + i + 26. Let d be k(-23). Does 17 divide 151/d - (-1)/((-6)/(-4))?
True
Suppose -3*m = 5*k - 243, 3*m - 25 = k - 70. Suppose k = 3*q - 141. Is 17 a factor of q?
False
Let m(s) = -4*s - 37. Let v(t) = -7*t - 73. Let o(g) = -11*m(g) + 6*v(g). Let x be o(17). Is (-50)/x*(-153)/85 a multiple of 12?
False
Suppose -3*p = -7*p - i + 4672, 3*p - 21*i - 3504 = 0. Is 8 a factor of p?
True
Suppose -a + 12 = t + t, 3 = 3*a - 5*t. Let v(s) = s**3 - 6*s**2 - 5. Let o be v(a). Is 9 a factor of 1/2 - o/((-20)/(-178))?
True
Is (66/(-2))/(26 - (-45564)/(-1752)) a multiple of 14?
False
Is (-1)/(1/7 + (-971396)/6795166) a multiple of 86?
False
Is ((36/(-90))/((-14)/35))/((-1)/(-4774)) a multiple of 11?
True
Let a(l) = l**3 + 9*l**2 + 15*l + 14. Let c be a(-7). Suppose -k = z - 84, 5*k + c*z - 4*z - 414 = 0. Let y = k - 13. Is 20 a factor of y?
False
Let v be (-2 + -1 - -60)*5. Let r = v - 61. Let x = r - 92. Is 20 a factor of x?
False
Let w = 426 + -151. Suppose -5*x = -o + w, 10*x + 775 = 3*o + 5*x. Is o a multiple of 50?
True
Is 152 a factor of (1 + 4)*165728/160?
False
Let b be (-1 + 2)/((-6)/(-1266)). Suppose 5*i + b = 3*t, -3*t - 2*i - 142 = -5*t. Suppose 4*w - 2*h - h - 70 = 0, -4*w + 4*h = -t. Is w a multiple of 4?
True
Let k(n) = 308*n - 1. Is k(11) a multiple of 127?
False
Let s(x) = -6*x**3 + x**2 - 5*x - 3. Let k be s(-2). Let w = k + -57. Does 4 divide (w/(-6))/(3/(-36))?
True
Let y(p) = -p**3 + 11*p**2 + 2*p - 20. Let q be y(11). Suppose 684 = -q*x - 7*x. Does 11 divide ((-2)/8 - 0) + (-855)/x?
True
Suppose 3*n - 3*m + 488 - 2663 = 0, 2*n - m = 1447. Let a = 854 - n. Is 11 a factor of a?
True
Let r be (-72)/(-40)*-5*2/(-9). Suppose 2*h + 2 = 0, -3*b + 0*h - r*h = -3076. Is b a multiple of 54?
True
Let b(q) = -q**2 + 0*q**2 + 17*q + 12 - 14. Is 12 a factor of b(14)?
False
Let v be 128/(-5) + -1*(-6)/(-15). Let q = v + 90. Let f = 68 - q. Is f even?
True
Let w be (0 + -6 - -938)/1. Suppose w + 652 = 33*t. Does 8 divide t?
True
Suppose 4 - 24 = -5*q. Suppose 0 = 4*p - q - 28. Suppose -y + 50 = p. Is 14 a factor of y?
True
Suppose -14*q - 24951 = -46588 - 103299. Does 46 divide q?
True
Let p(u) be the first derivative of 59*u**2/2 + 83*u + 103. Is p(4) a multiple of 29?
True
Let n = 839 - -1544. Does 33 divide n?
False
Let h(u) = -3*u**2 - u + 19. Let v be h(-6). Let k = v + 83. Suppose k*w = -w + 133. Is 34 a factor of w?
False
Suppose d + 11 = 3032. Does 53 divide d?
True
Suppose 13*g - 30415 = 17390 - 13303. Does 8 divide g?
False
Let t(l) be the second derivative of -23*l**6/60 + l**5/20 + l**4/12 + 27*l**2/2 + 14*l. Let a(r) be the first derivative of t(r). Does 13 divide a(-1)?
False
Let j(s) = 1178*s - 5925. Is 17 a factor of j(29)?
True
Let o = 229 + -226. Suppose -3*c = -236 + 80. Suppose -c = -o*k + 4*j, 2*k + 0*k = -2*j + 16. Does 3 divide k?
True
Suppose 0 = 3*a - 53 - 85. Suppose -5*w - 2 = -4*w + 4*k, 36 = 4*w + 5*k. Let c = a + w. Does 15 divide c?
True
Suppose 3*t = 2*f - 0*f + 5, 0 = -4*t + 5*f + 2. Does 11 divide 160 - ((-10)/4)/(t/6)?
True
Is ((-17610)/(-24))/(40/960) a multiple of 30?
True
Does 9 divide (-20 - (-163570)/(-11))*-2*(-2)/(-10)?
False
Suppose -3*u = 5*f - 23, -u - 13 = 2*u - 4*f. Suppose 4*g + u + 23 = 4*w, 4*w = -4*g. Suppose 0 = 4*l + a - w*a - 62, -4*l - 5*a + 55 = 0. Does 5 divide l?
True
Let r = 78 - 78. Let p be (9/6 - 3)*(r + -2). Suppose 5*i - 241 = -v - 2*v, 41 = i - p*v. Does 12 divide i?
False
Let z(r) = -2*r**2 + r + 54. Suppose 5*h - 3*c = -14, 3*c + 14 = -2*h - 0*c. Let l be (-5)/h - (-10)/(-8). Is 49 a factor of z(l)?
False
Suppose 0*f + 34860 = -9*f + 146667. Is 41 a factor of f?
True
Let x = 5133 + -4052. Is 47 a factor of x?
True
Suppose -x - 3*d = 490, 8*d = 3*x + 12*d + 1475. Let b = x - -523. Is 9 a factor of b?
False
Let c be 8/9 - 8/(-72). Let i be (10/(-4) + c)*2. Is 2 a factor of -8*i/6 - 0?
True
Let j = -9416 - -16553. Is j a multiple of 10?
False
Suppose -4*b = 23*b + 26718 - 499218. Is b a multiple of 70?
True
Suppose 4 + 2 = l. Let h be 160/l*(-3)/2. Let f = 5 - h. Is 9 a factor of f?
True
Suppose -5*k + 61 - 36 = 0. Suppose 3*s - k*d + 909 = 38, 0 = 4*s - 5*d + 1163. Let u = s + 481. Is u a multiple of 32?
False
Is (-1)/(56/(-12) + 5) + (5228 - -2) a multiple of 6?
False
Suppose s + 20 - 34 = 0. Suppose -174 = -5*g - s. Let t = -13 + g. Is t a multiple of 4?
False
Suppose 400 = -8*a + 12*a. Let n = -74 + a. Let x = n - -58. Is 14 a factor of x?
True
Let k(g) = g**3 - 8*g**2 - g + 19. Let c be 3/3 + (9 - (-6)/(-3)). Let s be k(c). Suppose s*y - 115 = -16. Is y even?
False
Let s = 23 - 7. Suppose 2*m + s - 32 = 0. Suppose m*h = 174 + 666. Does 21 divide h?
True
Suppose 1370441 + 1060363 - 264120 = 51*i. Is i a multiple of 14?
False
Let x = -90 - -93. Suppose -3*t - 852 = -x*z, 5*t - 569 = -2*z + 6*t. Is z a multiple of 15?
True
Let h(z) = z**2 + 12*z - 3. Suppose 0 = -2*r + 8, 0 = -3*b - 5*r + 61 + 34. Suppose -3*n - 26 = b. Does 20 divide h(n)?
False
Let j = -420 + 561. Let l = j - -416. Is 62 a factor of l?
False
Suppose 2*i - 6*i = 92. Let q(l) = -l**3 - 23*l**2 + 3*l + 44. Let c be q(i). Let u = 11 - c. Is u a multiple of 9?
True
Suppose -16 + 37 = 3*x. Let p(o) = o**3 + 4*o**2 - 6*o - 4. Let d be p(-5). Does 3 divide x - ((-6 - -4) + d + -1)?
True
Suppose 25 = 5*t - 4*q + 71, 0 = 5*t + 5*q + 10. Let v(s) = -s. Let x(a) = 11*a + 18. Let c(l) = 4*v(l) - x(l). Is c(t) a multiple of 36?
True
Let q be ((-5)/2)/(8/(-16)). Suppose 4*j = 0, -v - 4*v = q*j - 1290. Does 25 divide v?
False
Suppose v - 133 - 103 = 4*c, 996 = 4*v - 3*c. Does 16 divide 3490/9 + 56/v?
False
Let g(z) = -11*z + 58. Let i(y) = -10*y + 55. Let j(w) = -4*g(w) + 3*i(w). Is j(11) a multiple of 14?
False
Let h(z) = 2*z**2 + 9*z - z**2 - 16 - 100. Does 13 divide h(16)?
False
Suppose -3*l + 2*l + 149342 = l. Does 24 divide l?
False
Is (-14)/(-9 + 79) + ((-173178)/(-15) - 1) a multiple of 148?
True
Suppose 969 = -14*k + 7339. Suppose -5*g = y - k, 338 - 1633 = -3*y - g. Is 43 a factor of y?
True
Suppose 5*b = 49*m - 54*m + 5415, -5*m = 4*b - 5418. Is m a multiple of 4?
False
Let s(f) = 413*f**2 - 10*f - 10. Suppose 20 = -4*o + 4*t, -4*t = 6*o - o - 11. Does 29 divide s(o)?
False
Let a = 94 - 85. Suppose -a = 8*u + 23. Is 0 + (27 - 1) - u a multiple of 15?
True
Suppose w - 18*p = -21*p + 352, -5*w + p = -1728. Is 4 a factor of w?
False
Let c(f) = 4*f + 2194. Is c(84) a multiple of 23?
True
Suppose 18 = -3*y, -435*t + y - 31044 = -437*t. Is t a multiple of 25?
True
Suppose -12*j = -j - 1463. Suppose 439 = 4*q + 4*r - j, -5*r = 2*q - 295. Is 7 a factor of q?
True
Let h(v) = -23*v**3 - v**2 + v - 3. Let s be h(-3). Suppose -5*r - s = -8*r. Suppose 5*i - 83 = r. Is 12 a factor of i?
False
Suppose -27*a + 2139 + 10632 = 0. Let r = a - 307. Is 71 a factor of r?
False
Let l(x) = -x**3 - 6*x**2 - 13*x - 8. Let b be l(-2). Suppose -4*r + 189 = -11. Let j = r - b. Is 6 a factor of j?
True
Let c = 385 - 380. Suppose -5*w = c*k - 1685, -k + 0*k = -2*w - 325. Is k a multiple of 37?
True
Let j = 8 + -6. Suppose 234 + 191 = 2*k - 5*i, j*i = 5*k - 1115. Suppose k = 12*r - 9*r. Is r a multiple of 12?
False
Suppose 4*x 